ive of -p**5/20 - 11*p**4/12 + 14*p**3/3 - 13*p**2/2 - 835*p. Determine k(-13).
-39
Let f(c) = -8*c + 1. Let q(o) = -7*o + 1. Let j(i) = 6*f(i) - 7*q(i). Let h(d) = -d**3 - 9*d**2 - 8*d - 4. Let n = 160 + -168. Let p be h(n). Give j(p).
-5
Let z(r) be the third derivative of r**6/120 + r**5/6 + 7*r**4/24 - 2*r**3/3 + r**2. Let p be (9/12 - (-33)/(-36)) + (-159)/18. Calculate z(p).
14
Let d(c) = -148*c**2 + 6*c - 10 + 76*c**2 + 0 + 73*c**2. Let q be -20*((-36)/(-15) - 2). Determine d(q).
6
Let f(l) = -l**3 - 12*l**2 - 3*l - 36. Let d(h) = -h**3 + 5*h**2 - 42*h + 198. Let o be d(5). Determine f(o).
0
Let i(f) = f**3 - 5*f**2 - 31*f - 40. Let h = -2962 + 2971. Determine i(h).
5
Suppose 0 = 2*b - 220 + 146. Let t(r) = r**3 - 39*r**2 + 77*r - 95. Calculate t(b).
16
Let b(k) = -24*k + 11. Let g = -8824 + 8828. Give b(g).
-85
Let y(z) = -2*z - 23. Let i be y(-10). Let p be ((-8)/3 - i)*15. Let f(s) = -s + 13 + p*s**3 + 10 - 23. What is f(1)?
4
Suppose 3*i = 2*p - 7, -2*i = -2*p - 4*i + 12. Let n be (-2 - 8)/p - 4. Let y(q) = -q**3 - 7*q**2 - 7*q + 1. Determine y(n).
7
Suppose 23*b = 22*b + 30. Let h = 24 - b. Let o be 32/h + (-28)/42. Let v(z) = -z**2 - 7*z - 9. Give v(o).
-3
Suppose 30*n + 3*n + 99 = 0. Let p(z) = 28*z + 2. Determine p(n).
-82
Let y(k) = 4 - 2*k**3 + k**3 - 20*k - 10*k**2 - 24*k + 34*k. Let i(a) = -8*a**2 + 75*a - 76. Let d be i(1). What is y(d)?
13
Let f = -218 - -221. Suppose -16*h - 13 = -f*h. Let k(g) be the third derivative of g**5/60 + g**4/12 + g**3/6 - 2*g**2. Determine k(h).
0
Let t = 10956 + -10962. Let o(l) = -l**3 - 3*l**2 + 24*l + 45. Give o(t).
9
Let u(m) = m**2 + m - 2. Let a = 60 + -30. Suppose -4*l = p + 102, -408 = -12*p + 16*p + 4*l. Let h be p/a - (-4)/10. What is u(h)?
4
Let t(k) = -13*k - 11*k - 23*k + 35 + 45*k. Calculate t(14).
7
Let b(v) = v**3 + 11*v**2 - 27*v - 9. Let u = 1030 - 1043. What is b(u)?
4
Suppose -3*h = -18, -3*h = 17*p - 20*p - 99. Let x(r) = -2*r**2 - 56*r - 51. Give x(p).
3
Let a(x) be the first derivative of x**4/4 - 8*x**3/3 - 6*x**2 + 8*x - 3653. Determine a(9).
-19
Let f be (-7)/((-56)/632) - 2/1. Let n(m) = -6*m + 161*m**2 - 83*m**2 - f*m**2 - 13. Give n(8).
3
Suppose 5*f = -159 + 189. Suppose 0 = -10*p + 11*p - 5*w - f, -3*p - 15 = -4*w. Let o(m) = -m**3 - 8*m**2 + 10*m + 1. Determine o(p).
-8
Suppose 3*w + 2*r - 4*r - 10 = 0, 2*w - 4*r = 20. Let i(b) = 5*b - 6*b + w*b. Calculate i(-6).
6
Suppose -15*j + 10*j - 15 = 0. Let t(q) be the third derivative of -q**6/60 - q**5/12 - q**4/12 + q**3/2 + 164*q**2. Calculate t(j).
18
Suppose -3*u - n = -7, -27 = -u + 4*n - 3. Let p = 7 + -7. Let l(v) = -v + v - 7 + p*v + v. Calculate l(u).
-3
Let f(i) = -4*i + 1. Let j be f(-1). Let w(o) = 29 - 3*o - 58 - 3*o + 24 - 8*o. Let s(g) = 33*g + 11. Let z(u) = 3*s(u) + 7*w(u). Calculate z(j).
3
Let u(q) = q**2 + q + 18. Suppose v + 12 = -g, v = 8*g - 15 + 57. Give u(g).
48
Let f(a) = 9*a**2 + 6*a + 33. Let t(n) = 11*n**2 + 7*n + 43. Let s(m) = 5*f(m) - 4*t(m). Give s(-8).
41
Let w(s) = 3*s**3 - 54*s - 20 - 2*s**3 + 3 - 7*s**2 + 2*s**2 + 60*s. Calculate w(5).
13
Let z(q) = 10 - 140 - 10797*q - 3*q**2 + 5394*q + 5416*q + 4*q**2. Give z(6).
-16
Let y(r) = 6*r + 6. Let i(t) = 5*t + 5. Let m(c) = 5*i(c) - 4*y(c). Let w(x) = 5*x - 3. Let s be w(2). Suppose s*u + 12 = u. Determine m(u).
-1
Let s(i) be the third derivative of -i**5/30 - i**4/24 + 3*i**2. Suppose 66 = -20*q + 46. Calculate s(q).
-1
Let m(f) = -2*f - 8. Suppose 808 = -63*x + 67*x. Let c = x - 207. Determine m(c).
2
Suppose -10 - 30 = -2*i. Let v = 23 - i. Suppose v*t + 15 = -0*t. Let f(m) = -m - 5. Give f(t).
0
Let i(d) = 6717*d - 1670*d - 1669*d + 14 - 1683*d - 1679*d. Calculate i(-6).
-82
Let l(s) = -s**2 + s + 19. Let i be -4 + ((-128)/(-18) - 280/(-315)). Calculate l(i).
7
Let y(c) = 3*c - 15. Suppose 63*t + 1170 = 54*t. Let x = 136 + t. Determine y(x).
3
Let k be 7 + (0 + -3)/(3/3). Let y be (-48)/(-21) + -1 + k/(-14). Let g(r) be the third derivative of r**6/60 + r**4/24 + r**2. Determine g(y).
3
Suppose 0*p - 4*p - 8 = 0. Let g = 59 - 60. Let s(l) = l. Let h(q) = 3*q**2 + 2*q + 1. Let r(f) = g*s(f) + h(f). Give r(p).
11
Let r(f) = -f**2 + 4*f + 5. Let v be (15/(-25))/((-1)/(-5)). Let n be 14/6 + (-1)/3 - v. Suppose 0 = -4*h + i + 24 - 3, 0 = -2*h - n*i + 27. Calculate r(h).
-7
Let r(u) = -2*u**2 + 8394 - 4206 - 4198 + 7*u. Determine r(5).
-25
Let g = -12 + 164. Suppose -g = -17*l - 50. Let u(o) = 4*o - 5. Give u(l).
19
Let v = 66 - 64. Let y(p) be the first derivative of 18 - 5*p + 2*p**2 + 0*p**2 + 0*p**2 - 3*p**v. Give y(-4).
3
Let t(i) = 25*i**2 + 45*i - 13 + 26 + 13*i - 35*i**2. Let n be t(6). Let z(s) = -s**2 + 2*s. Calculate z(n).
1
Let t(r) = 3. Let k(a) = -4*a + 42. Let i be k(10). Let g(j) = j - 10. Let z(y) = i*g(y) + 7*t(y). Determine z(6).
13
Let h(m) be the third derivative of m**5/24 - m**4/6 - 17*m**3/2 - 4*m**2 + 9. Let g(z) be the first derivative of h(z). Determine g(1).
1
Let i(h) = -2*h**3 - 17*h - 361 + 715 + 28*h**2 + 17*h - 363. Determine i(14).
-9
Let u(d) be the third derivative of d**6/120 - 7*d**5/30 + 9*d**4/8 - 5*d**3 - 93*d**2 - 25*d. Give u(12).
6
Let w(n) = -n**3 + 6*n**2 + 8*n - 17. Let v(r) = -r**3 + 6*r**2 + 7*r - 17. Suppose -52 = 4*l - 64. Let o(f) = l*w(f) - 2*v(f). Give o(7).
4
Let a(x) = 46 - 3*x + 56 + 11*x + x + 5. Calculate a(-13).
-10
Let b(g) = 2*g**2 + 232*g - 159. Let r(t) = t**2 + 100*t - 80. Let z(n) = -3*b(n) + 7*r(n). Determine z(-11).
-6
Let u(l) = l**3 + 6*l**2 + l + 3. Let f be 4 - ((-12)/(-4) + -3 + -1). Let h = 4 - f. Let s be 30/(-195) - 76*h/(-13). What is u(s)?
-3
Let p(n) be the second derivative of n**3/2 + n**2/2 - 9*n + 9. What is p(-5)?
-14
Suppose 4*w - 7 + 19 = 0, 0 = 5*f - 4*w - 12. Let s(p) be the first derivative of 0*p**3 - 2 + 15*p - 1/4*p**4 + 1/2*p**2. Give s(f).
15
Let s(a) = -a - 5. Let k(o) be the first derivative of -7*o**4/4 + o**3/3 + 15*o**2/2 + 14*o + 83. Let c be k(-1). Determine s(c).
-12
Let b be ((-425)/15)/(-5)*-6. Let p = b - -21. Let q(r) = r**3 + 14*r**2 + 14*r + 13. Let h be q(p). Let s(w) = -w + 6. Determine s(h).
6
Let i(n) be the third derivative of n**4/24 + 5*n**3/6 - 3*n**2. Let d be -28*(-4)/(-80)*5. Determine i(d).
-2
Let a(n) = 11*n + 48. Let h be a(-4). Let p(b) = -b**3 + b**2 + 2*b + 6. Give p(h).
-34
Let y = 8 + 0. Let m(g) = -g - 2*g**2 - y*g**3 + 2 + g**2 - 3 + g**3. Suppose -5*o - 4*h - 17 = 0, -4*h = -2*o - 2*h + 4. Calculate m(o).
6
Let h(t) = 2*t**2 - 1. Let w(d) = -11*d**2 + 2*d + 6. Let y(x) = -5*h(x) - w(x). Let b(o) = -15*o**2 - 2*o - 1. Let s(n) = -2*b(n) + 2*y(n). What is s(1)?
32
Let j(q) = -q**3 + 7*q**2 + 11*q - 11. Suppose 4*r + 10*b + 11 = 9*b, 0 = -r - 3*b. Let m be ((-6)/(-12))/((-1)/(-6)). Let x be m/(r*4/(-32)). Calculate j(x).
13
Let m = -3839 - -3841. Let w(x) be the second derivative of 3/2*x**m + 0 + 2*x + 1/6*x**3. Calculate w(4).
7
Let t(y) = 39*y - 127. Let a be t(3). Let u(p) = p**3 + 8*p**2 - 17*p + 26. Calculate u(a).
-4
Let p(f) = 13*f**3 + 11*f**2 + 5*f + 31. Let w(j) = 5*j**3 + 4*j**2 + j + 11. Let v(m) = 3*p(m) - 8*w(m). Give v(-2).
3
Let h(t) be the third derivative of 17*t**6/120 + t**5/60 - t**4/24 + 53*t**2 + 5*t. Calculate h(1).
17
Let f(h) = -9*h + 166. Let a(b) = -41*b + 759. Let k(w) = 7*a(w) - 32*f(w). Suppose c + 0 - 9 = 0. Suppose -34 = -5*p - c. Calculate k(p).
6
Let g(q) = -376 - 660*q + 345 + 661*q. What is g(23)?
-8
Let n be 8 - (-22)/(-33)*12. Let f(h) be the first derivative of 2 + 1/2*h**2 - 3*h. Determine f(n).
-3
Let g(r) be the first derivative of -26 - 1/3*r**3 + 2*r**2 + r. Calculate g(5).
-4
Let n(a) = 10 - 9*a**2 - 5*a + 252*a**3 - 93*a**3 - 96*a**3 + 3 - 64*a**3. What is n(-6)?
-65
Let z(o) = -o**3 + 5*o**2 + o - 8. Let y be z(5). Let f(t) be the second derivative of t**3/3 - 3*t**2 + 8*t - 6. Calculate f(y).
-12
Let s(d) = -d**3 + 8*d**2 - d - 11. Suppose 3*j = -4*o + 38, 2*j + o + 1 = 3*j. Suppose 10*m = j*m + 36. Suppose 0 = -m*i + 39 + 33. Determine s(i).
-19
Let z be (2 - 6)*35/10. Let s be 6/((-6)/z*(-7)/4). Let l(k) = k**2 + 6 - 6*k + 14*k - 2 - 3. What is l(s)?
1
Let q(z) be the third derivative of 0*z + 0 - 20*z**2 - 1/12*z**4 - 1/120*z**5 - 7/3*z**3. Let x(j) be the first derivative of q(j). Determine x(2).
-4
Let p(j) = 2*j**2 + 39*j + 118. Let s be p(-16). Let m(y